 (4 + 0)*(3 - 2). Suppose l = s*l. Suppose 0 = 3*k - l*k - 42. What is the remainder when 39 is divided by k?
11
Let l = -62928 - -63012. Let b = 7 - -11. Calculate the remainder when l is divided by b.
12
What is the remainder when (-40)/12*(-6)/(-4) + (230 - -24) is divided by 8?
1
Let n(q) = -q**2 - 19*q - 4. Let p(y) = 2*y**2 - 2*y - 2. Let g(a) = -17*a - 64. Let w be g(-4). What is the remainder when n(-10) is divided by p(w)?
20
Let p be (-8 - 66/(-8))*8. Suppose -p = 39*d - 1952. What is the remainder when d is divided by 18?
14
Let m = -20 + 35. Let s = 8198 - 614. Suppose -s*v + 440 = -7579*v. Calculate the remainder when v is divided by m.
13
Suppose -2*r = -5*p - 9256, 5*r + 576 = -4*p + 23650. Calculate the remainder when r is divided by 21.
19
Let j be (7 - 10 - -1) + -1 + -1. Let a(g) = g**3 + 8*g**2 + 9*g - 10. What is the remainder when a(j) is divided by 7?
4
Suppose 0 = 44*g - 2495 + 867. What is the remainder when 209 is divided by g?
24
Let q = -37 - -56. Let s = -76 - -79. What is the remainder when s - 1792/(-36) - (-6)/27 is divided by q?
15
Let u = 40 + -43. Let z(o) = 2*o + 8. Let l be z(-10). Calculate the remainder when l/u + 3/1 is divided by 4.
3
Let h(o) = 75*o**2 - 21*o + 72. Let b be h(3). Suppose 45*t - b = -99. What is the remainder when 26 is divided by t?
0
Suppose -4*h - 4*b = -12, 4*h - 18 = -b - 0*b. Suppose 2*l + 5*s - s = 26, -h*l + 2*s = -89. What is the remainder when (-676)/(-20) + (-4)/5 is divided by l?
16
Suppose 26 = 4*c + 2*s, 5*c - 2*s - 46 = -9. What is the remainder when 2216 is divided by c?
4
Suppose 7*s - 4*s - 3 = 108. Calculate the remainder when 331 is divided by s.
35
Suppose 4*r = 2*i - 32, r = 3*r - 5*i + 24. Let l(t) = 2*t**2 + 17*t + 48. Calculate the remainder when 131 is divided by l(r).
23
Let j = -326 + 185. Let h = j + 146. What is the remainder when h is divided by 1?
0
Let o(t) = t**2 - 5*t - 8. Let v be o(5). What is the remainder when 2079/18 + 2*(-2)/v is divided by (-34)/(-4)*(5 + -3)?
14
Let q(c) = -4*c**2 + 5. Let m be q(-8). Let o = m - -257. Calculate the remainder when 82 is divided by o.
4
Calculate the remainder when ((-4 + 15)*-9)/(3/(-2)) is divided by (0 - -5 - -4) + 8.
15
What is the remainder when 335 is divided by 36/(-24)*(-7 + 3)?
5
Let g = -6 - -10. Suppose h + g - 16 = 0. What is the remainder when ((-2)/(h/(-27)))/(2/28) is divided by 16?
15
Let x be (-2 + (-92)/(-16))/((-3)/(-8)). Let h(m) = 5*m - 10. Let j be h(x). Calculate the remainder when 72 is divided by (j/(-16))/(3/(-6)).
2
Let b(c) = 14*c - 51 + 19*c - 379 - 5*c - 68. Calculate the remainder when 181 is divided by b(20).
57
Calculate the remainder when 2406 is divided by ((-804)/10)/(50/(-25)*1/5).
195
Let r = 546 - 182. Suppose -5*x + r = 8*x. What is the remainder when x is divided by 13?
2
Suppose 0 = -t + 6*t + 4*f - 40, -2*t + 2*f = -34. Let c be -2 + 13/(-2)*-818. What is the remainder when 4/30 + c/75 is divided by t?
11
Let y = -3627 + 3818. What is the remainder when y is divided by 64?
63
Let s be 896/(-2) - 0/(-54). Let r = 543 + s. What is the remainder when 567 is divided by r?
92
Let l(i) = 7*i**2 - 625*i + 218. Calculate the remainder when 679 is divided by l(89).
39
Suppose 70 + 280 = 10*k. Calculate the remainder when 98 is divided by k.
28
Let k be 26/13 + 0 + 109. Suppose -174 - k = -19*q. Calculate the remainder when 102 is divided by q.
12
Let u = -1063 + 1156. Calculate the remainder when 276 is divided by u.
90
What is the remainder when 122 is divided by (-12)/(-40) + (-685)/(-50)?
10
Let u be ((-4)/(-6))/(-2)*9. Let q(c) = -10*c + 141. What is the remainder when q(8) is divided by (0 + -16)/(u/3)?
13
Let j(t) = -42*t - 1. What is the remainder when j(-4) is divided by 480/18 + (-40)/(-12) + -2?
27
Let u = 192 - 186. Suppose -106 = -u*p + 110. Calculate the remainder when 105 is divided by p.
33
Let b(y) = 287*y**2 + 17*y + 43. Calculate the remainder when b(-3) is divided by 12.
7
What is the remainder when 403 is divided by (-2)/38 + (-435528)/(-5244)?
71
Let m = 2964 - 2876. Suppose -2*w - 834 = 5*a + 2*w, 5*a = 2*w - 858. Calculate the remainder when ((-36)/8)/(-2 - a/m) is divided by 14.
10
Suppose 19*l - 1218 = 17*l - 3*b, 0 = 4*l - 4*b - 2436. What is the remainder when l is divided by 69?
57
Let h = -116 + 375. What is the remainder when h is divided by 165?
94
Let b = 6983 - 5584. What is the remainder when b is divided by 199?
6
Suppose -d = -74*f + 76*f - 286, 0 = d - 5*f - 244. Calculate the remainder when d is divided by 35.
29
Let w(m) = -m**3 + 10*m**2 - 23*m + 46. Calculate the remainder when w(5) is divided by (0 - -1)*(-87)/(-3).
27
Let d(z) = -34*z - 29*z + 1 + 60*z. Let j be d(-2). Let s = 1 + j. Calculate the remainder when 30 is divided by s.
6
Suppose 7*h = 4*h. Suppose -5*u + 2*t = 7*t - 95, -4*t + 58 = 3*u. Suppose -4*p + 58 + u = h. Calculate the remainder when 55 is divided by p.
17
Suppose 2*w + 5*n = 24, 0 = -3*n - 2 + 14. Suppose 4*v = w*z + 3*z - 374, 0 = 4*z - v - 308. Let g = -65 + z. What is the remainder when g is divided by 8?
5
Let j = 28916 - 28809. Calculate the remainder when 4171 is divided by j.
105
Suppose 2558*o = 2532*o + 520. Suppose 2*p - 3 = 5. Suppose -3*m = -p - 20. Calculate the remainder when o is divided by m.
4
Suppose 109*h - 104*h = 2*o - 49, 0 = -4*o - 5*h + 293. Let n = 31 + 97. Calculate the remainder when n is divided by o.
14
Calculate the remainder when 2/(-8) - ((-18029)/52 + (-78)/(-169)) is divided by 143.
60
Suppose 1116 = -44*w + 48*w. Let v = w - 264. What is the remainder when v is divided by 9?
6
Let f be (11 - (-925)/(-85)) + (-236)/(-17). Suppose -6*x = -4*x - f. Calculate the remainder when 81 is divided by x.
4
Let d be (0 - 1) + 12/(-4). What is the remainder when 32 is divided by (d + 7 + -4)*17/(-1)?
15
What is the remainder when 1 + 373 - (306/357)/((-8)/28) is divided by 169?
39
Suppose 4*u = -5*z + 1661, 147*z - 148*z + 321 = -2*u. What is the remainder when z is divided by 65?
4
Let t = -87 + 98. Suppose 23 = t*u - 21. Suppose -u*c - 6 - 10 = 0, -5*m - 4*c = -229. What is the remainder when 194 is divided by m?
47
Let f(w) = 9*w + 742. Calculate the remainder when f(-64) is divided by 125.
41
Let h(q) = -q**2 - 21*q + 183. Let y(j) = j**2 - 12*j + 6. Let u be y(8). Calculate the remainder when 147 is divided by h(u).
41
What is the remainder when 45/30*-14 + 1478 is divided by 726?
5
Suppose -9*j = -11*j - 106. Let x = j - -159. Calculate the remainder when x is divided by 55.
51
Suppose 0 = -3*i - 10*i + 4966. Let l = i + -378. Calculate the remainder when l is divided by 2.
0
Suppose 17*n + 18 = 20*n. Suppose 3*h = -n*h - 72. Let g = h - -26. What is the remainder when 70 is divided by g?
16
Let s be 2/(2485/415 - 6). Let f = s - -239. Calculate the remainder when f is divided by 29.
15
Suppose -o + 2*c + 33 = -245, 0 = -3*o - c + 820. Calculate the remainder when o is divided by (-10 - -11)/((-1)/(-56)).
50
Let d(j) = -5*j + 173. Let x be d(-8). Let m = x + -175. What is the remainder when m is divided by 21?
17
Let n(h) = 2*h**3 + 10*h**2 - 3*h - 14. Suppose -5*g + 50 = 5*g. What is the remainder when g is divided by n(-5)?
0
Suppose -14*d = -15 - 41. Let m(i) = i + 2. Let k be m(-6). Let o = 31 + k. What is the remainder when o is divided by d?
3
Suppose -14 = -4*n - n + u, n - 4*u = 18. Let j be (-3 + 4 + 31)/n. Suppose j = -c + 97. Calculate the remainder when c is divided by 21.
18
Let p(a) = -38462*a + 2. Let s be p(-1). Suppose -21*x + s = -17*x. Calculate the remainder when (0 - (-4)/18) + x/144 is divided by 35.
32
Let s = -33 - -65. Suppose t - 6*t = -r - 17, -5*r = 4*t - 2. Suppose 7 + s = t*v. What is the remainder when 44 is divided by v?
5
Let h = -4 + 18. Let p = h + -71. Let d = p + 145. Calculate the remainder when d is divided by 45.
43
Suppose 0 = 26*m - 174*m + 888. Suppose 22 = 4*l - 66. Calculate the remainder when l is divided by m.
4
Suppose 16*f - 13*f - 9 = 0. Suppose -5*a = -3*g + 141, 0 = -f*g - 2*a - 2*a + 168. Suppose 0 = -2*j + 1 + 27. Calculate the remainder when g is divided by j.
10
Let o(n) = -32*n + 12*n + 19*n + 3. Let q be o(-9). What is the remainder when 78 is divided by (-4 + q)/4 - -14?
14
Let b be (1385/10)/(1 + (-12)/8). Let n = -82 - b. 